{"id":940,"date":"2023-11-02T20:50:37","date_gmt":"2023-11-02T19:50:37","guid":{"rendered":"http:\/\/www.tc-h\u00fctte.de\/?page_id=940"},"modified":"2023-11-06T09:56:36","modified_gmt":"2023-11-06T08:56:36","slug":"historie","status":"publish","type":"page","link":"http:\/\/www.tc-h\u00fctte.de\/?page_id=940","title":{"rendered":"Historie"},"content":{"rendered":"\n<p>Die Gr\u00fcnderversammlung wurde am 18. Mai 1963 im Kohlberghaus einberufen und der Verein unter dem Namen \u201eTennisclub H\u00fctte\u201c gegr\u00fcndet. Dabei leitet sich der Name des Vereins von einem Gel\u00e4nde mit der Flurbezeichnung \u201eH\u00fctte\u201c ab, welches zwischen Dahle und Evingsen liegt, womit man das Interesse der B\u00fcrger beider Gemeinden gleicherma\u00dfen wecken wollte.<\/p>\n\n\n\n<p>Nachdem der Verein jedoch kein Genehmigung f\u00fcr den Platzbau erhielt, erreichten die Tennisfreunde nach Gespr\u00e4chen mit der Gemeinde Dahle, dass dem Verein das sumpfige Bachgebiet \u201eIn der Wennescheid\u201c zur Nutzung \u00fcberlassen wurde. Hier bauten die Mitgliedern \u00fcberwiegend in Eigenleistung und mit Hilfe von Spenden zwei Tennispl\u00e4tze, auf denen im Juni 1970 der Spielbetrieb er\u00f6ffnet wurde. Das Verseinsheim kam 1975, der dritte (untere) Platz 1984 hinzu.<\/p>\n\n\n\n<p>\u00dcbersicht der 1. Vorsitzenden seit Gr\u00fcndung des Vereins: <\/p>\n\n\n\n<ul>\n<li>1963-1970: Peter Ossenberg<\/li>\n\n\n\n<li>1970-1978: Horst Vieg<\/li>\n\n\n\n<li>1978-1983: Norbert Sauer<\/li>\n\n\n\n<li>1983-1989: Joachim Schaumann<\/li>\n\n\n\n<li>1989:1995: Wilhelm F\u00f6rster<\/li>\n\n\n\n<li>1995-2017: Jochen Piepenstock<\/li>\n\n\n\n<li>2017-heute: Andre Scholz<\/li>\n<\/ul>\n","protected":false},"excerpt":{"rendered":"<p>Die Gr\u00fcnderversammlung wurde am 18. Mai 1963 im Kohlberghaus einberufen und der Verein unter dem Namen \u201eTennisclub H\u00fctte\u201c gegr\u00fcndet. Dabei leitet sich der Name des Vereins von einem Gel\u00e4nde mit der Flurbezeichnung \u201eH\u00fctte\u201c ab, welches zwischen Dahle und Evingsen liegt, womit man das Interesse der B\u00fcrger beider Gemeinden gleicherma\u00dfen wecken wollte. Nachdem der Verein jedoch [&hellip;]<\/p>\n","protected":false},"author":1,"featured_media":0,"parent":0,"menu_order":0,"comment_status":"closed","ping_status":"closed","template":"","meta":{"footnotes":""},"_links":{"self":[{"href":"http:\/\/www.tc-h\u00fctte.de\/index.php?rest_route=\/wp\/v2\/pages\/940"}],"collection":[{"href":"http:\/\/www.tc-h\u00fctte.de\/index.php?rest_route=\/wp\/v2\/pages"}],"about":[{"href":"http:\/\/www.tc-h\u00fctte.de\/index.php?rest_route=\/wp\/v2\/types\/page"}],"author":[{"embeddable":true,"href":"http:\/\/www.tc-h\u00fctte.de\/index.php?rest_route=\/wp\/v2\/users\/1"}],"replies":[{"embeddable":true,"href":"http:\/\/www.tc-h\u00fctte.de\/index.php?rest_route=%2Fwp%2Fv2%2Fcomments&post=940"}],"version-history":[{"count":4,"href":"http:\/\/www.tc-h\u00fctte.de\/index.php?rest_route=\/wp\/v2\/pages\/940\/revisions"}],"predecessor-version":[{"id":996,"href":"http:\/\/www.tc-h\u00fctte.de\/index.php?rest_route=\/wp\/v2\/pages\/940\/revisions\/996"}],"wp:attachment":[{"href":"http:\/\/www.tc-h\u00fctte.de\/index.php?rest_route=%2Fwp%2Fv2%2Fmedia&parent=940"}],"curies":[{"name":"wp","href":"https:\/\/api.w.org\/{rel}","templated":true}]}}