{"id":935,"date":"2023-11-02T20:42:45","date_gmt":"2023-11-02T19:42:45","guid":{"rendered":"http:\/\/www.tc-h\u00fctte.de\/?page_id=935"},"modified":"2024-10-08T16:06:55","modified_gmt":"2024-10-08T14:06:55","slug":"ergebnisse","status":"publish","type":"page","link":"http:\/\/www.tc-h\u00fctte.de\/?page_id=935","title":{"rendered":"Spielansetzungen  und Ergebnisse"},"content":{"rendered":"\n<figure class=\"wp-block-image size-full\"><img decoding=\"async\" loading=\"lazy\" width=\"800\" height=\"800\" src=\"http:\/\/www.tc-h\u00fctte.de\/wp-content\/uploads\/2023\/12\/Ergebnis.png\" alt=\"\" class=\"wp-image-1100\" srcset=\"http:\/\/www.tc-h\u00fctte.de\/wp-content\/uploads\/2023\/12\/Ergebnis.png 800w, http:\/\/www.tc-h\u00fctte.de\/wp-content\/uploads\/2023\/12\/Ergebnis-300x300.png 300w, http:\/\/www.tc-h\u00fctte.de\/wp-content\/uploads\/2023\/12\/Ergebnis-150x150.png 150w, http:\/\/www.tc-h\u00fctte.de\/wp-content\/uploads\/2023\/12\/Ergebnis-768x768.png 768w\" sizes=\"(max-width: 800px) 100vw, 800px\" \/><\/figure>\n\n\n\n<p>Wir bieten zwar keinen Liveticker, werden uns aber bem\u00fchen, alle gemeldeten Ergbnisse z\u00fcgig (auch) hier zu ver\u00f6ffentlichen, um den Fortgang des Turniers zeitnah verfolgen und die ggf. hiervon abh\u00e4ngige eigene Spielansetzung planen zu k\u00f6nnen.<\/p>\n\n\n\n<p>Nachstehend findet Ihr den aktuellen <strong>Stand (02.09.2024)<\/strong> zu den einzelnen Turnierdisziplinen, beruhend auf den Ergebnissen der Auslosung vom 13.06.2024 und den bisher gemeldeten Endst\u00e4nden der Partien:<\/p>\n\n\n\n<p><\/p>\n\n\n\n<div class=\"wp-block-file\"><object class=\"wp-block-file__embed\" data=\"http:\/\/www.tc-h\u00fctte.de\/wp-content\/uploads\/2024\/09\/01_Damen-Doppel-OK-1.pdf\" type=\"application\/pdf\" style=\"width:100%;height:600px\" aria-label=\"Einbettung von 01_Damen-Doppel-OK-1.\"><\/object><a id=\"wp-block-file--media-b6e0cad4-48e9-4a99-b2de-0a98ccec3711\" href=\"http:\/\/www.tc-h\u00fctte.de\/wp-content\/uploads\/2024\/09\/01_Damen-Doppel-OK-1.pdf\">01_Damen-Doppel-OK-1<\/a><a href=\"http:\/\/www.tc-h\u00fctte.de\/wp-content\/uploads\/2024\/09\/01_Damen-Doppel-OK-1.pdf\" class=\"wp-block-file__button wp-element-button\" download aria-describedby=\"wp-block-file--media-b6e0cad4-48e9-4a99-b2de-0a98ccec3711\">Herunterladen<\/a><\/div>\n\n\n\n<div class=\"wp-block-file\"><object class=\"wp-block-file__embed\" data=\"http:\/\/www.tc-h\u00fctte.de\/wp-content\/uploads\/2024\/09\/02_Herren-Doppel-80-1.pdf\" type=\"application\/pdf\" style=\"width:100%;height:600px\" aria-label=\"Einbettung von 02_Herren-Doppel-80-1.\"><\/object><a id=\"wp-block-file--media-be24aec6-7559-4a3c-acd2-e53386125616\" href=\"http:\/\/www.tc-h\u00fctte.de\/wp-content\/uploads\/2024\/09\/02_Herren-Doppel-80-1.pdf\">02_Herren-Doppel-80-1<\/a><a href=\"http:\/\/www.tc-h\u00fctte.de\/wp-content\/uploads\/2024\/09\/02_Herren-Doppel-80-1.pdf\" class=\"wp-block-file__button wp-element-button\" download aria-describedby=\"wp-block-file--media-be24aec6-7559-4a3c-acd2-e53386125616\">Herunterladen<\/a><\/div>\n\n\n\n<div class=\"wp-block-file\"><object class=\"wp-block-file__embed\" data=\"http:\/\/www.tc-h\u00fctte.de\/wp-content\/uploads\/2024\/10\/Herren-Doppel-OK.pdf\" type=\"application\/pdf\" style=\"width:100%;height:600px\" aria-label=\"Einbettung von Herren-Doppel-OK.\"><\/object><a id=\"wp-block-file--media-a993dee4-13b0-4561-acfd-9930074f7e80\" href=\"http:\/\/www.tc-h\u00fctte.de\/wp-content\/uploads\/2024\/10\/Herren-Doppel-OK.pdf\">Herren-Doppel-OK<\/a><a href=\"http:\/\/www.tc-h\u00fctte.de\/wp-content\/uploads\/2024\/10\/Herren-Doppel-OK.pdf\" class=\"wp-block-file__button wp-element-button\" download aria-describedby=\"wp-block-file--media-a993dee4-13b0-4561-acfd-9930074f7e80\">Herunterladen<\/a><\/div>\n\n\n\n<div class=\"wp-block-file\"><object class=\"wp-block-file__embed\" data=\"http:\/\/www.tc-h\u00fctte.de\/wp-content\/uploads\/2024\/09\/04_Herren-Einzel-OK-1.pdf\" type=\"application\/pdf\" style=\"width:100%;height:600px\" aria-label=\"Einbettung von 04_Herren-Einzel-OK-1.\"><\/object><a id=\"wp-block-file--media-5ac211e4-21f1-4738-a459-b8f375ea01c6\" href=\"http:\/\/www.tc-h\u00fctte.de\/wp-content\/uploads\/2024\/09\/04_Herren-Einzel-OK-1.pdf\">04_Herren-Einzel-OK-1<\/a><a href=\"http:\/\/www.tc-h\u00fctte.de\/wp-content\/uploads\/2024\/09\/04_Herren-Einzel-OK-1.pdf\" class=\"wp-block-file__button wp-element-button\" download aria-describedby=\"wp-block-file--media-5ac211e4-21f1-4738-a459-b8f375ea01c6\">Herunterladen<\/a><\/div>\n\n\n\n<div class=\"wp-block-file\"><object class=\"wp-block-file__embed\" data=\"http:\/\/www.tc-h\u00fctte.de\/wp-content\/uploads\/2024\/09\/05_Herren-Einzel-U40-2.pdf\" type=\"application\/pdf\" style=\"width:100%;height:600px\" aria-label=\"Einbettung von 05_Herren-Einzel-U40-2.\"><\/object><a id=\"wp-block-file--media-4e3d3da9-2d80-4dbc-9835-a9dafccc1dd4\" href=\"http:\/\/www.tc-h\u00fctte.de\/wp-content\/uploads\/2024\/09\/05_Herren-Einzel-U40-2.pdf\">05_Herren-Einzel-U40-2<\/a><a href=\"http:\/\/www.tc-h\u00fctte.de\/wp-content\/uploads\/2024\/09\/05_Herren-Einzel-U40-2.pdf\" class=\"wp-block-file__button wp-element-button\" download aria-describedby=\"wp-block-file--media-4e3d3da9-2d80-4dbc-9835-a9dafccc1dd4\">Herunterladen<\/a><\/div>\n\n\n\n<div class=\"wp-block-file\"><object class=\"wp-block-file__embed\" data=\"http:\/\/www.tc-h\u00fctte.de\/wp-content\/uploads\/2024\/09\/06_Herren-Einzel-U50-2.pdf\" type=\"application\/pdf\" style=\"width:100%;height:600px\" aria-label=\"Einbettung von 06_Herren-Einzel-U50-2.\"><\/object><a id=\"wp-block-file--media-0d379c65-579f-4e9c-9c36-9354f3625c6c\" href=\"http:\/\/www.tc-h\u00fctte.de\/wp-content\/uploads\/2024\/09\/06_Herren-Einzel-U50-2.pdf\">06_Herren-Einzel-U50-2<\/a><a href=\"http:\/\/www.tc-h\u00fctte.de\/wp-content\/uploads\/2024\/09\/06_Herren-Einzel-U50-2.pdf\" class=\"wp-block-file__button wp-element-button\" download aria-describedby=\"wp-block-file--media-0d379c65-579f-4e9c-9c36-9354f3625c6c\">Herunterladen<\/a><\/div>\n\n\n\n<div class=\"wp-block-file\"><object class=\"wp-block-file__embed\" data=\"http:\/\/www.tc-h\u00fctte.de\/wp-content\/uploads\/2024\/09\/07_Mixed-80-1.pdf\" type=\"application\/pdf\" style=\"width:100%;height:600px\" aria-label=\"Einbettung von 07_Mixed-80-1.\"><\/object><a id=\"wp-block-file--media-867536b1-95bf-437b-9b5f-72d4b7752e71\" href=\"http:\/\/www.tc-h\u00fctte.de\/wp-content\/uploads\/2024\/09\/07_Mixed-80-1.pdf\">07_Mixed-80-1<\/a><a href=\"http:\/\/www.tc-h\u00fctte.de\/wp-content\/uploads\/2024\/09\/07_Mixed-80-1.pdf\" class=\"wp-block-file__button wp-element-button\" download aria-describedby=\"wp-block-file--media-867536b1-95bf-437b-9b5f-72d4b7752e71\">Herunterladen<\/a><\/div>\n\n\n\n<div class=\"wp-block-file\"><object class=\"wp-block-file__embed\" data=\"http:\/\/www.tc-h\u00fctte.de\/wp-content\/uploads\/2024\/09\/08_Mixed-OK-2.pdf\" type=\"application\/pdf\" style=\"width:100%;height:600px\" aria-label=\"Einbettung von 08_Mixed-OK-2.\"><\/object><a id=\"wp-block-file--media-0e749fda-65ad-4e40-9553-692a9f2edb5b\" href=\"http:\/\/www.tc-h\u00fctte.de\/wp-content\/uploads\/2024\/09\/08_Mixed-OK-2.pdf\">08_Mixed-OK-2<\/a><a href=\"http:\/\/www.tc-h\u00fctte.de\/wp-content\/uploads\/2024\/09\/08_Mixed-OK-2.pdf\" class=\"wp-block-file__button wp-element-button\" download aria-describedby=\"wp-block-file--media-0e749fda-65ad-4e40-9553-692a9f2edb5b\">Herunterladen<\/a><\/div>\n","protected":false},"excerpt":{"rendered":"<p>Wir bieten zwar keinen Liveticker, werden uns aber bem\u00fchen, alle gemeldeten Ergbnisse z\u00fcgig (auch) hier zu ver\u00f6ffentlichen, um den Fortgang des Turniers zeitnah verfolgen und die ggf. hiervon abh\u00e4ngige eigene Spielansetzung planen zu k\u00f6nnen. Nachstehend findet Ihr den aktuellen Stand (02.09.2024) zu den einzelnen Turnierdisziplinen, beruhend auf den Ergebnissen der Auslosung vom 13.06.2024 und den [&hellip;]<\/p>\n","protected":false},"author":1,"featured_media":0,"parent":0,"menu_order":0,"comment_status":"closed","ping_status":"closed","template":"","meta":{"footnotes":""},"_links":{"self":[{"href":"http:\/\/www.tc-h\u00fctte.de\/index.php?rest_route=\/wp\/v2\/pages\/935"}],"collection":[{"href":"http:\/\/www.tc-h\u00fctte.de\/index.php?rest_route=\/wp\/v2\/pages"}],"about":[{"href":"http:\/\/www.tc-h\u00fctte.de\/index.php?rest_route=\/wp\/v2\/types\/page"}],"author":[{"embeddable":true,"href":"http:\/\/www.tc-h\u00fctte.de\/index.php?rest_route=\/wp\/v2\/users\/1"}],"replies":[{"embeddable":true,"href":"http:\/\/www.tc-h\u00fctte.de\/index.php?rest_route=%2Fwp%2Fv2%2Fcomments&post=935"}],"version-history":[{"count":20,"href":"http:\/\/www.tc-h\u00fctte.de\/index.php?rest_route=\/wp\/v2\/pages\/935\/revisions"}],"predecessor-version":[{"id":1378,"href":"http:\/\/www.tc-h\u00fctte.de\/index.php?rest_route=\/wp\/v2\/pages\/935\/revisions\/1378"}],"wp:attachment":[{"href":"http:\/\/www.tc-h\u00fctte.de\/index.php?rest_route=%2Fwp%2Fv2%2Fmedia&parent=935"}],"curies":[{"name":"wp","href":"https:\/\/api.w.org\/{rel}","templated":true}]}}