{"id":921,"date":"2023-11-02T20:32:29","date_gmt":"2023-11-02T19:32:29","guid":{"rendered":"http:\/\/www.tc-h\u00fctte.de\/?page_id=921"},"modified":"2025-05-06T12:58:11","modified_gmt":"2025-05-06T10:58:11","slug":"saisoneroeffnung","status":"publish","type":"page","link":"http:\/\/www.tc-h\u00fctte.de\/?page_id=921","title":{"rendered":""},"content":{"rendered":"\n<p>In anderen Vereinen freut man sich auf die Saisoner\u00f6ffnung, wir freuen uns auf unser inoffizielles &#8222;Rucky Tucky&#8220; jeweils <strong>am 01. Mai<\/strong>.<\/p>\n\n\n\n<figure class=\"wp-block-image aligncenter size-full is-resized\"><img decoding=\"async\" loading=\"lazy\" width=\"680\" height=\"510\" src=\"http:\/\/www.tc-h\u00fctte.de\/wp-content\/uploads\/2023\/12\/Start.webp\" alt=\"\" class=\"wp-image-1061\" style=\"aspect-ratio:1.3333333333333333;width:487px;height:auto\" srcset=\"http:\/\/www.tc-h\u00fctte.de\/wp-content\/uploads\/2023\/12\/Start.webp 680w, http:\/\/www.tc-h\u00fctte.de\/wp-content\/uploads\/2023\/12\/Start-300x225.webp 300w\" sizes=\"(max-width: 680px) 100vw, 680px\" \/><\/figure>\n\n\n\n<p>Nachdem die Pl\u00e4tze aus dem Winterschlaf geholt und aufbereitet worden sind, sind alle aktiven und passiven Mitglieder eingeladen, gemeinsam die Hallensaison zu vergessen und die Au\u00dfensaison zu beginnen.<br><br>Wir losen beliebige Paarungen aus und spielen jeweils <strong>neun<\/strong> Spiele, bevor es mit einem anderen Doppel- bzw. Mixed-Partner von Neuem losgeht.<\/p>\n\n\n\n<p>Es gibt keine Altersbeschr\u00e4nkung und f\u00fcr Verpflegung ist nat\u00fcrlich gesorgt. Wer mag, kann auch nur zum Applaudieren und Kl\u00f6nen vorbeischauen&#8230;<\/p>\n\n\n\n<p>Wir treffen uns <strong>am 01. Mai 2025 ab 11 Uhr<\/strong> auf der Platzanlage!<\/p>\n\n\n\n<p><\/p>\n\n\n\n<p>Impressionen:<\/p>\n\n\n\n<figure class=\"wp-block-gallery has-nested-images columns-default is-cropped wp-block-gallery-1 is-layout-flex wp-block-gallery-is-layout-flex\">\n<figure class=\"wp-block-image size-large\"><img decoding=\"async\" loading=\"lazy\" width=\"1024\" height=\"768\" data-id=\"1429\" src=\"http:\/\/www.tc-h\u00fctte.de\/wp-content\/uploads\/2025\/05\/IMG_3481-1024x768.jpg\" alt=\"\" class=\"wp-image-1429\" srcset=\"http:\/\/www.tc-h\u00fctte.de\/wp-content\/uploads\/2025\/05\/IMG_3481-1024x768.jpg 1024w, http:\/\/www.tc-h\u00fctte.de\/wp-content\/uploads\/2025\/05\/IMG_3481-300x225.jpg 300w, http:\/\/www.tc-h\u00fctte.de\/wp-content\/uploads\/2025\/05\/IMG_3481-768x576.jpg 768w, http:\/\/www.tc-h\u00fctte.de\/wp-content\/uploads\/2025\/05\/IMG_3481-1536x1152.jpg 1536w, http:\/\/www.tc-h\u00fctte.de\/wp-content\/uploads\/2025\/05\/IMG_3481-2048x1536.jpg 2048w\" sizes=\"(max-width: 1024px) 100vw, 1024px\" \/><\/figure>\n\n\n\n<figure class=\"wp-block-image size-large\"><img decoding=\"async\" loading=\"lazy\" width=\"1024\" height=\"768\" data-id=\"1436\" src=\"http:\/\/www.tc-h\u00fctte.de\/wp-content\/uploads\/2025\/05\/IMG_3482-1024x768.jpg\" alt=\"\" class=\"wp-image-1436\" srcset=\"http:\/\/www.tc-h\u00fctte.de\/wp-content\/uploads\/2025\/05\/IMG_3482-1024x768.jpg 1024w, http:\/\/www.tc-h\u00fctte.de\/wp-content\/uploads\/2025\/05\/IMG_3482-300x225.jpg 300w, http:\/\/www.tc-h\u00fctte.de\/wp-content\/uploads\/2025\/05\/IMG_3482-768x576.jpg 768w, http:\/\/www.tc-h\u00fctte.de\/wp-content\/uploads\/2025\/05\/IMG_3482-1536x1152.jpg 1536w, http:\/\/www.tc-h\u00fctte.de\/wp-content\/uploads\/2025\/05\/IMG_3482-2048x1536.jpg 2048w\" sizes=\"(max-width: 1024px) 100vw, 1024px\" \/><\/figure>\n\n\n\n<figure class=\"wp-block-image size-large\"><img decoding=\"async\" loading=\"lazy\" width=\"768\" height=\"1024\" data-id=\"1432\" src=\"http:\/\/www.tc-h\u00fctte.de\/wp-content\/uploads\/2025\/05\/IMG_3490-768x1024.jpg\" alt=\"\" class=\"wp-image-1432\" srcset=\"http:\/\/www.tc-h\u00fctte.de\/wp-content\/uploads\/2025\/05\/IMG_3490-768x1024.jpg 768w, http:\/\/www.tc-h\u00fctte.de\/wp-content\/uploads\/2025\/05\/IMG_3490-225x300.jpg 225w, http:\/\/www.tc-h\u00fctte.de\/wp-content\/uploads\/2025\/05\/IMG_3490-1152x1536.jpg 1152w, http:\/\/www.tc-h\u00fctte.de\/wp-content\/uploads\/2025\/05\/IMG_3490-1536x2048.jpg 1536w, http:\/\/www.tc-h\u00fctte.de\/wp-content\/uploads\/2025\/05\/IMG_3490-scaled.jpg 1920w\" sizes=\"(max-width: 768px) 100vw, 768px\" \/><\/figure>\n\n\n\n<figure class=\"wp-block-image size-large\"><img decoding=\"async\" loading=\"lazy\" width=\"768\" height=\"1024\" data-id=\"1431\" src=\"http:\/\/www.tc-h\u00fctte.de\/wp-content\/uploads\/2025\/05\/IMG_3492-768x1024.jpg\" alt=\"\" class=\"wp-image-1431\" srcset=\"http:\/\/www.tc-h\u00fctte.de\/wp-content\/uploads\/2025\/05\/IMG_3492-768x1024.jpg 768w, http:\/\/www.tc-h\u00fctte.de\/wp-content\/uploads\/2025\/05\/IMG_3492-225x300.jpg 225w, http:\/\/www.tc-h\u00fctte.de\/wp-content\/uploads\/2025\/05\/IMG_3492-1152x1536.jpg 1152w, http:\/\/www.tc-h\u00fctte.de\/wp-content\/uploads\/2025\/05\/IMG_3492-1536x2048.jpg 1536w, http:\/\/www.tc-h\u00fctte.de\/wp-content\/uploads\/2025\/05\/IMG_3492-scaled.jpg 1920w\" sizes=\"(max-width: 768px) 100vw, 768px\" \/><\/figure>\n\n\n\n<figure class=\"wp-block-image size-large\"><img decoding=\"async\" loading=\"lazy\" width=\"1024\" height=\"768\" data-id=\"1433\" src=\"http:\/\/www.tc-h\u00fctte.de\/wp-content\/uploads\/2025\/05\/IMG_3494-1024x768.jpg\" alt=\"\" class=\"wp-image-1433\" srcset=\"http:\/\/www.tc-h\u00fctte.de\/wp-content\/uploads\/2025\/05\/IMG_3494-1024x768.jpg 1024w, http:\/\/www.tc-h\u00fctte.de\/wp-content\/uploads\/2025\/05\/IMG_3494-300x225.jpg 300w, http:\/\/www.tc-h\u00fctte.de\/wp-content\/uploads\/2025\/05\/IMG_3494-768x576.jpg 768w, http:\/\/www.tc-h\u00fctte.de\/wp-content\/uploads\/2025\/05\/IMG_3494-1536x1152.jpg 1536w, http:\/\/www.tc-h\u00fctte.de\/wp-content\/uploads\/2025\/05\/IMG_3494-2048x1536.jpg 2048w\" sizes=\"(max-width: 1024px) 100vw, 1024px\" \/><\/figure>\n\n\n\n<figure class=\"wp-block-image size-large\"><img decoding=\"async\" loading=\"lazy\" width=\"768\" height=\"1024\" data-id=\"1435\" src=\"http:\/\/www.tc-h\u00fctte.de\/wp-content\/uploads\/2025\/05\/IMG_3505-768x1024.jpg\" alt=\"\" class=\"wp-image-1435\" srcset=\"http:\/\/www.tc-h\u00fctte.de\/wp-content\/uploads\/2025\/05\/IMG_3505-768x1024.jpg 768w, http:\/\/www.tc-h\u00fctte.de\/wp-content\/uploads\/2025\/05\/IMG_3505-225x300.jpg 225w, http:\/\/www.tc-h\u00fctte.de\/wp-content\/uploads\/2025\/05\/IMG_3505-1152x1536.jpg 1152w, http:\/\/www.tc-h\u00fctte.de\/wp-content\/uploads\/2025\/05\/IMG_3505-1536x2048.jpg 1536w, http:\/\/www.tc-h\u00fctte.de\/wp-content\/uploads\/2025\/05\/IMG_3505-scaled.jpg 1920w\" sizes=\"(max-width: 768px) 100vw, 768px\" \/><\/figure>\n\n\n\n<figure class=\"wp-block-image size-large\"><img decoding=\"async\" loading=\"lazy\" width=\"1024\" height=\"768\" data-id=\"1424\" src=\"http:\/\/www.tc-h\u00fctte.de\/wp-content\/uploads\/2025\/05\/IMG_3519-1024x768.jpg\" alt=\"\" class=\"wp-image-1424\" srcset=\"http:\/\/www.tc-h\u00fctte.de\/wp-content\/uploads\/2025\/05\/IMG_3519-1024x768.jpg 1024w, http:\/\/www.tc-h\u00fctte.de\/wp-content\/uploads\/2025\/05\/IMG_3519-300x225.jpg 300w, http:\/\/www.tc-h\u00fctte.de\/wp-content\/uploads\/2025\/05\/IMG_3519-768x576.jpg 768w, http:\/\/www.tc-h\u00fctte.de\/wp-content\/uploads\/2025\/05\/IMG_3519-1536x1152.jpg 1536w, http:\/\/www.tc-h\u00fctte.de\/wp-content\/uploads\/2025\/05\/IMG_3519-2048x1536.jpg 2048w\" sizes=\"(max-width: 1024px) 100vw, 1024px\" \/><\/figure>\n\n\n\n<figure class=\"wp-block-image size-large\"><img decoding=\"async\" loading=\"lazy\" width=\"768\" height=\"1024\" data-id=\"1430\" src=\"http:\/\/www.tc-h\u00fctte.de\/wp-content\/uploads\/2025\/05\/IMG_3526-768x1024.jpg\" alt=\"\" class=\"wp-image-1430\" srcset=\"http:\/\/www.tc-h\u00fctte.de\/wp-content\/uploads\/2025\/05\/IMG_3526-768x1024.jpg 768w, http:\/\/www.tc-h\u00fctte.de\/wp-content\/uploads\/2025\/05\/IMG_3526-225x300.jpg 225w, http:\/\/www.tc-h\u00fctte.de\/wp-content\/uploads\/2025\/05\/IMG_3526-1152x1536.jpg 1152w, http:\/\/www.tc-h\u00fctte.de\/wp-content\/uploads\/2025\/05\/IMG_3526-1536x2048.jpg 1536w, http:\/\/www.tc-h\u00fctte.de\/wp-content\/uploads\/2025\/05\/IMG_3526-scaled.jpg 1920w\" sizes=\"(max-width: 768px) 100vw, 768px\" \/><\/figure>\n\n\n\n<figure class=\"wp-block-image size-large\"><img decoding=\"async\" loading=\"lazy\" width=\"1024\" height=\"768\" data-id=\"1426\" src=\"http:\/\/www.tc-h\u00fctte.de\/wp-content\/uploads\/2025\/05\/IMG_3531-1024x768.jpg\" alt=\"\" class=\"wp-image-1426\" srcset=\"http:\/\/www.tc-h\u00fctte.de\/wp-content\/uploads\/2025\/05\/IMG_3531-1024x768.jpg 1024w, http:\/\/www.tc-h\u00fctte.de\/wp-content\/uploads\/2025\/05\/IMG_3531-300x225.jpg 300w, http:\/\/www.tc-h\u00fctte.de\/wp-content\/uploads\/2025\/05\/IMG_3531-768x576.jpg 768w, http:\/\/www.tc-h\u00fctte.de\/wp-content\/uploads\/2025\/05\/IMG_3531-1536x1152.jpg 1536w, http:\/\/www.tc-h\u00fctte.de\/wp-content\/uploads\/2025\/05\/IMG_3531-2048x1536.jpg 2048w\" sizes=\"(max-width: 1024px) 100vw, 1024px\" \/><\/figure>\n\n\n\n<figure class=\"wp-block-image size-large\"><img decoding=\"async\" loading=\"lazy\" width=\"1024\" height=\"768\" data-id=\"1427\" src=\"http:\/\/www.tc-h\u00fctte.de\/wp-content\/uploads\/2025\/05\/IMG_3535-1024x768.jpg\" alt=\"\" class=\"wp-image-1427\" srcset=\"http:\/\/www.tc-h\u00fctte.de\/wp-content\/uploads\/2025\/05\/IMG_3535-1024x768.jpg 1024w, http:\/\/www.tc-h\u00fctte.de\/wp-content\/uploads\/2025\/05\/IMG_3535-300x225.jpg 300w, http:\/\/www.tc-h\u00fctte.de\/wp-content\/uploads\/2025\/05\/IMG_3535-768x576.jpg 768w, http:\/\/www.tc-h\u00fctte.de\/wp-content\/uploads\/2025\/05\/IMG_3535-1536x1152.jpg 1536w, http:\/\/www.tc-h\u00fctte.de\/wp-content\/uploads\/2025\/05\/IMG_3535-2048x1536.jpg 2048w\" sizes=\"(max-width: 1024px) 100vw, 1024px\" \/><figcaption class=\"wp-element-caption\">Vorbildlich: Nach dem Spiel die Kollateralsch\u00e4den behoben &#8211; gerade zu Beginn der Saison wichtig.<\/figcaption><\/figure>\n<\/figure>\n\n\n\n<figure class=\"wp-block-gallery has-nested-images columns-default is-cropped wp-block-gallery-3 is-layout-flex wp-block-gallery-is-layout-flex\">\n<figure class=\"wp-block-image size-large\"><img decoding=\"async\" loading=\"lazy\" width=\"1024\" height=\"768\" data-id=\"1439\" src=\"http:\/\/www.tc-h\u00fctte.de\/wp-content\/uploads\/2025\/05\/IMG_3500-1-1024x768.jpg\" alt=\"\" class=\"wp-image-1439\" srcset=\"http:\/\/www.tc-h\u00fctte.de\/wp-content\/uploads\/2025\/05\/IMG_3500-1-1024x768.jpg 1024w, http:\/\/www.tc-h\u00fctte.de\/wp-content\/uploads\/2025\/05\/IMG_3500-1-300x225.jpg 300w, http:\/\/www.tc-h\u00fctte.de\/wp-content\/uploads\/2025\/05\/IMG_3500-1-768x576.jpg 768w, http:\/\/www.tc-h\u00fctte.de\/wp-content\/uploads\/2025\/05\/IMG_3500-1-1536x1152.jpg 1536w, http:\/\/www.tc-h\u00fctte.de\/wp-content\/uploads\/2025\/05\/IMG_3500-1-2048x1536.jpg 2048w\" sizes=\"(max-width: 1024px) 100vw, 1024px\" \/><\/figure>\n<\/figure>\n","protected":false},"excerpt":{"rendered":"<p>In anderen Vereinen freut man sich auf die Saisoner\u00f6ffnung, wir freuen uns auf unser inoffizielles &#8222;Rucky Tucky&#8220; jeweils am 01. Mai. Nachdem die Pl\u00e4tze aus dem Winterschlaf geholt und aufbereitet worden sind, sind alle aktiven und passiven Mitglieder eingeladen, gemeinsam die Hallensaison zu vergessen und die Au\u00dfensaison zu beginnen. Wir losen beliebige Paarungen aus und [&hellip;]<\/p>\n","protected":false},"author":1,"featured_media":0,"parent":915,"menu_order":0,"comment_status":"closed","ping_status":"closed","template":"","meta":{"footnotes":""},"_links":{"self":[{"href":"http:\/\/www.tc-h\u00fctte.de\/index.php?rest_route=\/wp\/v2\/pages\/921"}],"collection":[{"href":"http:\/\/www.tc-h\u00fctte.de\/index.php?rest_route=\/wp\/v2\/pages"}],"about":[{"href":"http:\/\/www.tc-h\u00fctte.de\/index.php?rest_route=\/wp\/v2\/types\/page"}],"author":[{"embeddable":true,"href":"http:\/\/www.tc-h\u00fctte.de\/index.php?rest_route=\/wp\/v2\/users\/1"}],"replies":[{"embeddable":true,"href":"http:\/\/www.tc-h\u00fctte.de\/index.php?rest_route=%2Fwp%2Fv2%2Fcomments&post=921"}],"version-history":[{"count":17,"href":"http:\/\/www.tc-h\u00fctte.de\/index.php?rest_route=\/wp\/v2\/pages\/921\/revisions"}],"predecessor-version":[{"id":1440,"href":"http:\/\/www.tc-h\u00fctte.de\/index.php?rest_route=\/wp\/v2\/pages\/921\/revisions\/1440"}],"up":[{"embeddable":true,"href":"http:\/\/www.tc-h\u00fctte.de\/index.php?rest_route=\/wp\/v2\/pages\/915"}],"wp:attachment":[{"href":"http:\/\/www.tc-h\u00fctte.de\/index.php?rest_route=%2Fwp%2Fv2%2Fmedia&parent=921"}],"curies":[{"name":"wp","href":"https:\/\/api.w.org\/{rel}","templated":true}]}}