{"id":173,"date":"2020-01-18T20:41:13","date_gmt":"2020-01-18T19:41:13","guid":{"rendered":"http:\/\/www.xn--tc-htte-q2a.de\/test\/?page_id=173"},"modified":"2025-05-05T11:50:05","modified_gmt":"2025-05-05T09:50:05","slug":"platzbelegung","status":"publish","type":"page","link":"http:\/\/www.tc-h\u00fctte.de\/?page_id=173","title":{"rendered":"Platzbelegung"},"content":{"rendered":"\n<p>Hier k\u00f6nnt ihr die aktuelle Belegung der Pl\u00e4tze f\u00fcr die Mannschaften, freie Zeiten und Medenspiele in der Sommersaison 2025 einsehen bzw. auch herunterladen.<\/p>\n\n\n\n<p><strong>Achtung:<\/strong><br>Bei Vollbelegung der Pl\u00e4tze (im freien Training) und wartenden Spielerinnen und Spielern ist es aus Gr\u00fcnden der Fairne\u00df geboten, eine laufende Partie ggf. auch vor regul\u00e4rem Abschluss des Satzes oder des Matches zu beenden und zu rotieren.<\/p>\n\n\n\n<div class=\"wp-block-file\"><object class=\"wp-block-file__embed\" data=\"http:\/\/www.tc-h\u00fctte.de\/wp-content\/uploads\/2025\/05\/01_Platz-1.pdf\" type=\"application\/pdf\" style=\"width:100%;height:600px\" aria-label=\"Einbettung von 01_Platz-1.\"><\/object><a id=\"wp-block-file--media-bd7786a8-73a4-4967-b660-10ab5a65dad4\" href=\"http:\/\/www.tc-h\u00fctte.de\/wp-content\/uploads\/2025\/05\/01_Platz-1.pdf\">01_Platz-1<\/a><a href=\"http:\/\/www.tc-h\u00fctte.de\/wp-content\/uploads\/2025\/05\/01_Platz-1.pdf\" class=\"wp-block-file__button wp-element-button\" download aria-describedby=\"wp-block-file--media-bd7786a8-73a4-4967-b660-10ab5a65dad4\">Herunterladen<\/a><\/div>\n\n\n\n<div class=\"wp-block-file\"><object class=\"wp-block-file__embed\" data=\"http:\/\/www.tc-h\u00fctte.de\/wp-content\/uploads\/2025\/05\/02_Platz-2.pdf\" type=\"application\/pdf\" style=\"width:100%;height:600px\" aria-label=\"Einbettung von 02_Platz-2.\"><\/object><a id=\"wp-block-file--media-f82cc234-93cf-4fa8-a8a0-04a92da0fe68\" href=\"http:\/\/www.tc-h\u00fctte.de\/wp-content\/uploads\/2025\/05\/02_Platz-2.pdf\">02_Platz-2<\/a><a href=\"http:\/\/www.tc-h\u00fctte.de\/wp-content\/uploads\/2025\/05\/02_Platz-2.pdf\" class=\"wp-block-file__button wp-element-button\" download aria-describedby=\"wp-block-file--media-f82cc234-93cf-4fa8-a8a0-04a92da0fe68\">Herunterladen<\/a><\/div>\n\n\n\n<div class=\"wp-block-file\"><object class=\"wp-block-file__embed\" data=\"http:\/\/www.tc-h\u00fctte.de\/wp-content\/uploads\/2025\/05\/03_Platz-3.pdf\" type=\"application\/pdf\" style=\"width:100%;height:600px\" aria-label=\"Einbettung von 03_Platz-3.\"><\/object><a id=\"wp-block-file--media-5df5de17-a783-49c0-a685-2a28c44fd24e\" href=\"http:\/\/www.tc-h\u00fctte.de\/wp-content\/uploads\/2025\/05\/03_Platz-3.pdf\">03_Platz-3<\/a><a href=\"http:\/\/www.tc-h\u00fctte.de\/wp-content\/uploads\/2025\/05\/03_Platz-3.pdf\" class=\"wp-block-file__button wp-element-button\" download aria-describedby=\"wp-block-file--media-5df5de17-a783-49c0-a685-2a28c44fd24e\">Herunterladen<\/a><\/div>\n","protected":false},"excerpt":{"rendered":"<p>Hier k\u00f6nnt ihr die aktuelle Belegung der Pl\u00e4tze f\u00fcr die Mannschaften, freie Zeiten und Medenspiele in der Sommersaison 2025 einsehen bzw. auch herunterladen. Achtung:Bei Vollbelegung der Pl\u00e4tze (im freien Training) und wartenden Spielerinnen und Spielern ist es aus Gr\u00fcnden der Fairne\u00df geboten, eine laufende Partie ggf. auch vor regul\u00e4rem Abschluss des Satzes oder des Matches [&hellip;]<\/p>\n","protected":false},"author":1,"featured_media":0,"parent":0,"menu_order":7,"comment_status":"closed","ping_status":"closed","template":"","meta":{"footnotes":""},"_links":{"self":[{"href":"http:\/\/www.tc-h\u00fctte.de\/index.php?rest_route=\/wp\/v2\/pages\/173"}],"collection":[{"href":"http:\/\/www.tc-h\u00fctte.de\/index.php?rest_route=\/wp\/v2\/pages"}],"about":[{"href":"http:\/\/www.tc-h\u00fctte.de\/index.php?rest_route=\/wp\/v2\/types\/page"}],"author":[{"embeddable":true,"href":"http:\/\/www.tc-h\u00fctte.de\/index.php?rest_route=\/wp\/v2\/users\/1"}],"replies":[{"embeddable":true,"href":"http:\/\/www.tc-h\u00fctte.de\/index.php?rest_route=%2Fwp%2Fv2%2Fcomments&post=173"}],"version-history":[{"count":17,"href":"http:\/\/www.tc-h\u00fctte.de\/index.php?rest_route=\/wp\/v2\/pages\/173\/revisions"}],"predecessor-version":[{"id":1417,"href":"http:\/\/www.tc-h\u00fctte.de\/index.php?rest_route=\/wp\/v2\/pages\/173\/revisions\/1417"}],"wp:attachment":[{"href":"http:\/\/www.tc-h\u00fctte.de\/index.php?rest_route=%2Fwp%2Fv2%2Fmedia&parent=173"}],"curies":[{"name":"wp","href":"https:\/\/api.w.org\/{rel}","templated":true}]}}